 41004049 composite?
True
Is 8508127 prime?
True
Is 12393739 composite?
False
Is 2296487 a prime number?
True
Is 21131951 a prime number?
True
Is 69848605 a prime number?
False
Is 13250591 composite?
True
Is 3149959 a prime number?
True
Is 21691513 a composite number?
False
Is 1412443 composite?
True
Is 16986383 a composite number?
True
Is 147701 composite?
True
Is 156202357 composite?
True
Is 9262349 a composite number?
True
Is 143028179 a prime number?
False
Is 27435817 a prime number?
False
Is 1592011 a prime number?
False
Is 40802431 a composite number?
True
Is 2184989 composite?
False
Is 68493947 a prime number?
False
Is 8438321 composite?
True
Is 354506183 prime?
True
Is 487226 prime?
False
Is 80365879 prime?
False
Is 136599223 prime?
True
Is 42811907 prime?
True
Is 15647939 composite?
True
Is 36553589 a composite number?
False
Is 49124107 prime?
False
Is 24850285 prime?
False
Is 14263 a composite number?
True
Is 3946394 a prime number?
False
Is 94268167 prime?
False
Is 106161287 a composite number?
False
Is 6007811 composite?
False
Is 3871309 a prime number?
False
Is 51385699 composite?
False
Is 243471457 a composite number?
True
Is 12408985 prime?
False
Is 441173 composite?
True
Is 84644603 a prime number?
False
Is 1281967 prime?
False
Is 4719349 a composite number?
True
Is 3718697 prime?
False
Is 15675151 prime?
True
Is 549441299 a prime number?
False
Is 932961 a prime number?
False
Is 2673431 a composite number?
False
Is 839203 a composite number?
False
Is 18782503 prime?
True
Is 126564191 prime?
False
Is 40387139 a prime number?
False
Is 7291411 composite?
False
Is 16915853 a composite number?
True
Is 25196617 a composite number?
True
Is 81864427 composite?
False
Is 28112087 a composite number?
False
Is 8797639 prime?
True
Is 1746007 composite?
False
Is 483119237 prime?
True
Is 97998253 composite?
False
Is 536043 a prime number?
False
Is 64507051 a prime number?
False
Is 893449 a prime number?
True
Is 673529 a prime number?
True
Is 902849 a prime number?
True
Is 51747845 prime?
False
Is 6449467 composite?
True
Is 330887387 prime?
True
Is 72392935 a prime number?
False
Is 1320721 prime?
True
Is 13716023 composite?
True
Is 565163 a composite number?
False
Is 10710749 composite?
True
Is 2112199 a prime number?
False
Is 733122398 a prime number?
False
Is 1085429 a prime number?
True
Is 895393 composite?
False
Is 3055817 prime?
False
Is 36788305 composite?
True
Is 1971349 a composite number?
False
Is 19755631 a composite number?
True
Is 722271589 a composite number?
True
Is 2221399 a composite number?
False
Is 1469807 a composite number?
True
Is 11262241 a composite number?
False
Is 172799665 composite?
True
Is 10521961 a composite number?
True
Is 8607427 a composite number?
False
Is 6765127 a prime number?
True
Is 3693877 a composite number?
True
Is 25300447 a composite number?
False
Is 2565319 prime?
True
Is 100757738 a prime number?
False
Is 1718243 a prime number?
False
Is 4408111 composite?
True
Is 64997299 a composite number?
True
Is 4693811 a composite number?
False
Is 31316683 a composite number?
False
Is 5556703 prime?
True
Is 59546819 composite?
True
Is 4791197 a prime number?
True
Is 12421457 prime?
False
Is 145006831 a prime number?
True
Is 1026841 a prime number?
False
Is 35371267 composite?
True
Is 7343099 composite?
True
Is 847897 composite?
True
Is 782234 a composite number?
True
Is 98001539 a composite number?
False
Is 11717257 a composite number?
False
Is 1782184009 a composite number?
True
Is 137574377 prime?
True
Is 1380395 composite?
True
Is 1151596591 composite?
True
Is 1831061 prime?
False
Is 3460913 a composite number?
True
Is 19005205 a prime number?
False
Is 20094847 a composite number?
True
Is 3366151 a prime number?
False
Is 1973087 a prime number?
True
Is 85853563 a composite number?
False
Is 382538641 a composite number?
True
Is 1042240405 a prime number?
False
Is 174444979 a composite number?
False
Is 1421963 a prime number?
True
Is 118361 prime?
True
Is 25143557 a composite number?
True
Is 8636027 prime?
False
Is 32075531 prime?
True
Is 1895119 composite?
False
Is 34059983 composite?
False
Is 1672603 a composite number?
False
Is 17184386 composite?
True
Is 8096279 composite?
True
Is 12976907 a composite number?
False
Is 2121343 a prime number?
False
Is 2392249 a composite number?
False
Is 5448341 a composite number?
False
Is 79839541 prime?
True
Is 6205193 a composite number?
True
Is 46281733 a prime number?
True
Is 12454337 a prime number?
False
Is 93496327 composite?
True
Is 54921253 prime?
True
Is 3208123 composite?
False
Is 13413047 composite?
False
Is 43932743 a prime number?
False
Is 3867287 composite?
True
Is 14767547 a composite number?
True
Is 12737759 composite?
False
Is 613955281 composite?
False
Is 62680903 a prime number?
False
Is 32152511 a prime number?
True
Is 1505873 prime?
True
Is 1743127 a prime number?
True
Is 1293529 a prime number?
True
Is 7637323 prime?
True
Is 254849611 a composite number?
False
Is 695623469 a prime number?
True
Is 89520133 a prime number?
True
Is 188249 a prime number?
True
Is 58194907 composite?
False
Is 5635771 a composite number?
True
Is 3830843 prime?
True
Is 116562197 prime?
True
Is 2890259 prime?
True
Is 529003 prime?
True
Is 209337137 prime?
True
Is 10641293 composite?
True
Is 90526193 composite?
True
Is 963731 a composite number?
False
Is 64959683 prime?
True
Is 857867 a prime number?
True
Is 84870349 a prime number?
True
Is 4551133 prime?
False
Is 17028793 a prime number?
True
Is 57726689 a prime number?
False
Is 4222369 prime?
False
Is 303474077 a prime number?
True
Is 9509609 prime?
True
Is 3500789 prime?
True
Is 11759009 composite?
False
Is 280304443 a composite number?
False
Is 52096229 prime?
True
Is 409222235 a prime number?
False
Is 149870767 a prime number?
True
Is 700579 a composite number?
True
Is 18007721 composite?
True
Is 2373293 a composite number?
True
Is 386339 composite?
False
Is 6823331 prime?
False
Is 5295701 a composite number?
False
Is 134752862 prime?
False
Is 183088907 a prime number?
False
Is 181855159 a prime number?
True
Is 9198557 a composite number?
False
Is 15280459 a composite number?
False
Is 15299737 a prime number?
False
Is 32972311 composite?
False
Is 146631977 a prime number?
True
Is 12140689 composite?
True
Is 140220001 composite?
False
Is 582401627 composite?
True
Is 6280921 a prime number?
False
Is 19445957 composite?
True
Is 2111491 composite?
False
Is 550007261 composite?
True
Is 606093 composite?
True
Is 1813039 prime?
True
Is 12762401 composite?
True
Is 3735503 prime?
False
Is 66331 prime?
False
Is 38980937 a prime number?
False
Is 12605479 prime?
False
Is 161049803 a prime number?
True
Is 13513081 a composite number?
False
Is 2790919 composite?
True
Is 30668963 a composite number?
True
Is 914499367 prime?
False
Is 3351571 a prime number?
False
Is 3064146281 composite?
True
Is 4850297 composite?
False
Is 44099999 prime?
True
Is 7234063 a prime number?
True
Is 23765059 a composite number?
False
Is 169678279 composite?
False
Is 42123811 composite?
True
Is 3743081 composite?
False
Is 2768041 prime?
True
Is 29502071 prime?
True
Is 18255513 composite?
True
Is 6773281 prime?
False
Is 6273199 composite?
False
Is 17159 a prime number?
True
Is 11273111 a composite number?
False
Is 128668247 a prime number?
False
Is 26785741 a composite number?
False
Is 66082853 a prime number?
False
Is 29354383 a composite number?
False
Is 100845971 composite?
False
Is 728471 composite?
False
Is 60315663 prime?
False
Is 2132513 prime?
True
Is 220663 composite?
False
Is 23376623 prime?
True
Is 367182115 a composite number?
True
Is 2820073 prime?
False
Is 19546237 composite?
True
Is 3497257 a prime number?
False
Is 668411 composite?
True
Is 241534777 prime?
False
Is 3169787 prime?
False
Is 999071 prime?
False
Is 307665931 a prime number?
False
Is 8274817 prime?
True
Is 13960357 prime?
True
Is 772438 composite?
True
Is 16449449 composite?
False
Is 2944811 a prime number?
False
Is 81065309 prime?
False
Is 248153153 composite?
False
Is 84330553 a composite number?
False
Is 512741 composite?
False
Is 4395757 composite?
True
Is 31041893 prime?
False
Is 5595383 a composite number?
True
Is 13406969 composite?
True
Is 25602393 a composite number